{"id":11397,"date":"2025-04-16T10:55:23","date_gmt":"2025-04-16T10:55:23","guid":{"rendered":"https:\/\/zellkraft.net\/?page_id=11397"},"modified":"2026-02-03T15:44:37","modified_gmt":"2026-02-03T15:44:37","slug":"auswahl","status":"publish","type":"page","link":"https:\/\/zellkraft.net\/","title":{"rendered":"Auswahl"},"content":{"rendered":"\t\t<div data-elementor-type=\"wp-page\" data-elementor-id=\"11397\" class=\"elementor elementor-11397\">\n\t\t\t\t<div class=\"elementor-element elementor-element-f3f6632 e-flex e-con-boxed e-con e-parent\" data-id=\"f3f6632\" data-element_type=\"container\">\n\t\t\t\t\t<div class=\"e-con-inner\">\n\t\t\t\t<div class=\"elementor-element elementor-element-e39e380 elementor-widget__width-initial elementor-absolute elementor-widget elementor-widget-image\" data-id=\"e39e380\" data-element_type=\"widget\" data-settings=\"{&quot;_position&quot;:&quot;absolute&quot;}\" data-widget_type=\"image.default\">\n\t\t\t\t<div class=\"elementor-widget-container\">\n\t\t\t\t\t\t\t\t\t\t\t\t\t\t\t<img fetchpriority=\"high\" decoding=\"async\" width=\"1024\" height=\"405\" src=\"https:\/\/zellkraft.net\/zk-content\/uploads\/2025\/04\/Zellkraft.svg\" class=\"attachment-large size-large wp-image-11402\" alt=\"\" \/>\t\t\t\t\t\t\t\t\t\t\t\t\t\t\t<\/div>\n\t\t\t\t<\/div>\n\t\t\t\t\t<\/div>\n\t\t\t\t<\/div>\n\t\t<div class=\"elementor-element elementor-element-a0c5775 e-grid e-con-full e-con e-parent\" data-id=\"a0c5775\" data-element_type=\"container\">\n\t\t<div class=\"elementor-element elementor-element-51ec5b9 e-con-full e-flex e-con e-child\" data-id=\"51ec5b9\" data-element_type=\"container\" data-settings=\"{&quot;background_background&quot;:&quot;classic&quot;}\">\n\t\t\t\t<div class=\"elementor-element elementor-element-6b1088d elementor-widget elementor-widget-heading\" data-id=\"6b1088d\" data-element_type=\"widget\" data-widget_type=\"heading.default\">\n\t\t\t\t<div class=\"elementor-widget-container\">\n\t\t\t\t\t<h2 class=\"elementor-heading-title elementor-size-default\"><a href=\"https:\/\/zellkraft.net\/index.php\/home\/\">F\u00fcr dein Tier<\/a><\/h2>\t\t\t\t<\/div>\n\t\t\t\t<\/div>\n\t\t\t\t<div class=\"elementor-element elementor-element-e5e0912 elementor-widget__width-initial elementor-widget elementor-widget-text-editor\" data-id=\"e5e0912\" data-element_type=\"widget\" data-widget_type=\"text-editor.default\">\n\t\t\t\t<div class=\"elementor-widget-container\">\n\t\t\t\t\t\t\t\t\t<p>F\u00fcr den Stallalltag, zu Hause oder im professionellen Einsatz: eine mobile Magnetfeldl\u00f6sung f\u00fcr Tiere \u2013 kompakt und ideal f\u00fcr unterwegs.<\/p>\t\t\t\t\t\t\t\t<\/div>\n\t\t\t\t<\/div>\n\t\t\t\t<div class=\"elementor-element elementor-element-db50b3d elementor-align-center elementor-widget elementor-widget-button\" data-id=\"db50b3d\" data-element_type=\"widget\" data-widget_type=\"button.default\">\n\t\t\t\t<div class=\"elementor-widget-container\">\n\t\t\t\t\t\t\t\t\t<div class=\"elementor-button-wrapper\">\n\t\t\t\t\t<a class=\"elementor-button elementor-button-link elementor-size-sm elementor-animation-shrink\" href=\"https:\/\/zellkraft.net\/index.php\/home\/\">\n\t\t\t\t\t\t<span class=\"elementor-button-content-wrapper\">\n\t\t\t\t\t\t<span class=\"elementor-button-icon\">\n\t\t\t\t<i aria-hidden=\"true\" class=\"fas fa-arrow-alt-circle-right\"><\/i>\t\t\t<\/span>\n\t\t\t\t\t\t\t\t\t<span class=\"elementor-button-text\">Mehr erfahren<\/span>\n\t\t\t\t\t<\/span>\n\t\t\t\t\t<\/a>\n\t\t\t\t<\/div>\n\t\t\t\t\t\t\t\t<\/div>\n\t\t\t\t<\/div>\n\t\t\t\t<\/div>\n\t\t<div class=\"elementor-element elementor-element-e378d82 e-con-full e-flex e-con e-child\" data-id=\"e378d82\" data-element_type=\"container\" data-settings=\"{&quot;background_background&quot;:&quot;classic&quot;}\">\n\t\t\t\t<div class=\"elementor-element elementor-element-7569614 elementor-widget elementor-widget-heading\" data-id=\"7569614\" data-element_type=\"widget\" data-widget_type=\"heading.default\">\n\t\t\t\t<div class=\"elementor-widget-container\">\n\t\t\t\t\t<h2 class=\"elementor-heading-title elementor-size-default\"><a href=\"https:\/\/zellkraft.net\/index.php\/human-behandlung\/\">F\u00fcr Dich<\/a><\/h2>\t\t\t\t<\/div>\n\t\t\t\t<\/div>\n\t\t\t\t<div class=\"elementor-element elementor-element-4a4e367 elementor-widget__width-initial elementor-widget elementor-widget-text-editor\" data-id=\"4a4e367\" data-element_type=\"widget\" data-widget_type=\"text-editor.default\">\n\t\t\t\t<div class=\"elementor-widget-container\">\n\t\t\t\t\t\t\t\t\t<p>PEMF-Technologie zur Unterst\u00fctzung von Regeneration und k\u00f6rperlicher Leistungsf\u00e4higkeit.<\/p>\t\t\t\t\t\t\t\t<\/div>\n\t\t\t\t<\/div>\n\t\t\t\t<div class=\"elementor-element elementor-element-284405c elementor-align-center elementor-widget elementor-widget-button\" data-id=\"284405c\" data-element_type=\"widget\" data-widget_type=\"button.default\">\n\t\t\t\t<div class=\"elementor-widget-container\">\n\t\t\t\t\t\t\t\t\t<div class=\"elementor-button-wrapper\">\n\t\t\t\t\t<a class=\"elementor-button elementor-button-link elementor-size-sm elementor-animation-shrink\" href=\"https:\/\/zellkraft.net\/index.php\/human-behandlung\/\">\n\t\t\t\t\t\t<span class=\"elementor-button-content-wrapper\">\n\t\t\t\t\t\t<span class=\"elementor-button-icon\">\n\t\t\t\t<i aria-hidden=\"true\" class=\"fas fa-arrow-alt-circle-right\"><\/i>\t\t\t<\/span>\n\t\t\t\t\t\t\t\t\t<span class=\"elementor-button-text\">Mehr erfahren<\/span>\n\t\t\t\t\t<\/span>\n\t\t\t\t\t<\/a>\n\t\t\t\t<\/div>\n\t\t\t\t\t\t\t\t<\/div>\n\t\t\t\t<\/div>\n\t\t\t\t<\/div>\n\t\t\t\t<\/div>\n\t\t<div class=\"elementor-element elementor-element-f98d922 elementor-hidden-desktop elementor-hidden-tablet elementor-hidden-mobile e-flex e-con-boxed e-con e-parent\" data-id=\"f98d922\" data-element_type=\"container\" data-settings=\"{&quot;background_background&quot;:&quot;classic&quot;}\">\n\t\t\t\t\t<div class=\"e-con-inner\">\n\t\t<div class=\"elementor-element elementor-element-6c21e74 e-con-full e-flex e-con e-child\" data-id=\"6c21e74\" data-element_type=\"container\">\n\t\t\t\t<div class=\"elementor-element elementor-element-5b550ff elementor-widget__width-initial elementor-widget elementor-widget-image\" data-id=\"5b550ff\" data-element_type=\"widget\" data-widget_type=\"image.default\">\n\t\t\t\t<div class=\"elementor-widget-container\">\n\t\t\t\t\t\t\t\t\t\t\t\t\t\t\t<img decoding=\"async\" width=\"1024\" height=\"405\" src=\"https:\/\/zellkraft.net\/zk-content\/uploads\/2026\/01\/Zellkraft_Logo_schwarz.svg\" class=\"attachment-large size-large wp-image-15285\" alt=\"\" \/>\t\t\t\t\t\t\t\t\t\t\t\t\t\t\t<\/div>\n\t\t\t\t<\/div>\n\t\t\t\t<div class=\"elementor-element elementor-element-8211bb9 elementor-widget-mobile__width-initial elementor-widget elementor-widget-heading\" data-id=\"8211bb9\" data-element_type=\"widget\" data-widget_type=\"heading.default\">\n\t\t\t\t<div class=\"elementor-widget-container\">\n\t\t\t\t\t<h2 class=\"elementor-heading-title elementor-size-default\">Professionelle PEMF-Systeme f\u00fcr Mensch und Tier.<\/h2>\t\t\t\t<\/div>\n\t\t\t\t<\/div>\n\t\t\t\t<div class=\"elementor-element elementor-element-ead4734 elementor-widget-mobile__width-initial elementor-widget elementor-widget-text-editor\" data-id=\"ead4734\" data-element_type=\"widget\" data-widget_type=\"text-editor.default\">\n\t\t\t\t<div class=\"elementor-widget-container\">\n\t\t\t\t\t\t\t\t\t<p>Bitte w\u00e4hlen Sie den Bereich, der f\u00fcr Sie relevant ist.<\/p>\t\t\t\t\t\t\t\t<\/div>\n\t\t\t\t<\/div>\n\t\t\t\t<\/div>\n\t\t<div class=\"elementor-element elementor-element-35505a9 e-con-full e-flex e-con e-child\" data-id=\"35505a9\" data-element_type=\"container\">\n\t\t<div class=\"elementor-element elementor-element-5b9b3e2 e-con-full e-flex e-con e-child\" data-id=\"5b9b3e2\" data-element_type=\"container\">\n\t\t<a class=\"elementor-element elementor-element-d29287b e-con-full e-flex e-con e-child\" data-id=\"d29287b\" data-element_type=\"container\" data-settings=\"{&quot;background_background&quot;:&quot;classic&quot;}\" href=\"https:\/\/zellkraft.net\/index.php\/home\/\">\n\t\t\t\t<div class=\"elementor-element elementor-element-79e3964 elementor-widget elementor-widget-heading\" data-id=\"79e3964\" data-element_type=\"widget\" data-widget_type=\"heading.default\">\n\t\t\t\t<div class=\"elementor-widget-container\">\n\t\t\t\t\t<h2 class=\"elementor-heading-title elementor-size-default\">Vet<\/h2>\t\t\t\t<\/div>\n\t\t\t\t<\/div>\n\t\t\t\t<\/a>\n\t\t<div class=\"elementor-element elementor-element-97255f7 e-con-full e-flex e-con e-child\" data-id=\"97255f7\" data-element_type=\"container\" data-settings=\"{&quot;background_background&quot;:&quot;classic&quot;}\">\n\t\t\t\t<div class=\"elementor-element elementor-element-ee124fe elementor-widget__width-initial elementor-widget elementor-widget-text-editor\" data-id=\"ee124fe\" data-element_type=\"widget\" data-widget_type=\"text-editor.default\">\n\t\t\t\t<div class=\"elementor-widget-container\">\n\t\t\t\t\t\t\t\t\t<p>Magnetfeldger\u00e4te f\u00fcr Pferde und Tiere \u2013 entwickelt f\u00fcr Stallalltag und den professionellen Einsatz.<\/p>\t\t\t\t\t\t\t\t<\/div>\n\t\t\t\t<\/div>\n\t\t\t\t<div class=\"elementor-element elementor-element-efe13d6 elementor-align-center elementor-widget elementor-widget-button\" data-id=\"efe13d6\" data-element_type=\"widget\" data-widget_type=\"button.default\">\n\t\t\t\t<div class=\"elementor-widget-container\">\n\t\t\t\t\t\t\t\t\t<div class=\"elementor-button-wrapper\">\n\t\t\t\t\t<a class=\"elementor-button elementor-button-link elementor-size-sm elementor-animation-shrink\" href=\"https:\/\/zellkraft.net\/index.php\/home\/\">\n\t\t\t\t\t\t<span class=\"elementor-button-content-wrapper\">\n\t\t\t\t\t\t<span class=\"elementor-button-icon\">\n\t\t\t\t<i aria-hidden=\"true\" class=\"fas fa-arrow-alt-circle-right\"><\/i>\t\t\t<\/span>\n\t\t\t\t\t\t\t\t\t<span class=\"elementor-button-text\">Zum Vet Bereich<\/span>\n\t\t\t\t\t<\/span>\n\t\t\t\t\t<\/a>\n\t\t\t\t<\/div>\n\t\t\t\t\t\t\t\t<\/div>\n\t\t\t\t<\/div>\n\t\t\t\t<\/div>\n\t\t\t\t<\/div>\n\t\t<div class=\"elementor-element elementor-element-3f1f263 e-con-full e-flex e-con e-child\" data-id=\"3f1f263\" data-element_type=\"container\">\n\t\t<a class=\"elementor-element elementor-element-f81136f e-con-full e-flex e-con e-child\" data-id=\"f81136f\" data-element_type=\"container\" data-settings=\"{&quot;background_background&quot;:&quot;classic&quot;}\" href=\"https:\/\/zellkraft.net\/index.php\/human-behandlung\/\">\n\t\t\t\t<div class=\"elementor-element elementor-element-191242b elementor-widget elementor-widget-heading\" data-id=\"191242b\" data-element_type=\"widget\" data-widget_type=\"heading.default\">\n\t\t\t\t<div class=\"elementor-widget-container\">\n\t\t\t\t\t<h2 class=\"elementor-heading-title elementor-size-default\">Human<\/h2>\t\t\t\t<\/div>\n\t\t\t\t<\/div>\n\t\t\t\t<\/a>\n\t\t<div class=\"elementor-element elementor-element-a902b15 e-con-full e-flex e-con e-child\" data-id=\"a902b15\" data-element_type=\"container\" data-settings=\"{&quot;background_background&quot;:&quot;classic&quot;}\">\n\t\t\t\t<div class=\"elementor-element elementor-element-6ff1f15 elementor-widget__width-initial elementor-widget elementor-widget-text-editor\" data-id=\"6ff1f15\" data-element_type=\"widget\" data-widget_type=\"text-editor.default\">\n\t\t\t\t<div class=\"elementor-widget-container\">\n\t\t\t\t\t\t\t\t\t<p>PEMF-Technologie zur Unterst\u00fctzung von Regeneration und k\u00f6rperlicher Leistungsf\u00e4higkeit.<\/p>\t\t\t\t\t\t\t\t<\/div>\n\t\t\t\t<\/div>\n\t\t\t\t<div class=\"elementor-element elementor-element-eb0ba4c elementor-align-center elementor-widget elementor-widget-button\" data-id=\"eb0ba4c\" data-element_type=\"widget\" data-widget_type=\"button.default\">\n\t\t\t\t<div class=\"elementor-widget-container\">\n\t\t\t\t\t\t\t\t\t<div class=\"elementor-button-wrapper\">\n\t\t\t\t\t<a class=\"elementor-button elementor-button-link elementor-size-sm elementor-animation-shrink\" href=\"https:\/\/zellkraft.net\/index.php\/human-behandlung\/\">\n\t\t\t\t\t\t<span class=\"elementor-button-content-wrapper\">\n\t\t\t\t\t\t<span class=\"elementor-button-icon\">\n\t\t\t\t<i aria-hidden=\"true\" class=\"fas fa-arrow-alt-circle-right\"><\/i>\t\t\t<\/span>\n\t\t\t\t\t\t\t\t\t<span class=\"elementor-button-text\">Zum Human Bereich<\/span>\n\t\t\t\t\t<\/span>\n\t\t\t\t\t<\/a>\n\t\t\t\t<\/div>\n\t\t\t\t\t\t\t\t<\/div>\n\t\t\t\t<\/div>\n\t\t\t\t<\/div>\n\t\t\t\t<\/div>\n\t\t\t\t<\/div>\n\t\t\t\t\t<\/div>\n\t\t\t\t<\/div>\n\t\t\t\t<\/div>\n\t\t","protected":false},"excerpt":{"rendered":"<p>F\u00fcr dein Tier F\u00fcr den Stallalltag, zu Hause oder im professionellen Einsatz: eine mobile Magnetfeldl\u00f6sung f\u00fcr Tiere \u2013 kompakt und ideal f\u00fcr unterwegs. Mehr erfahren F\u00fcr Dich PEMF-Technologie zur Unterst\u00fctzung von Regeneration und k\u00f6rperlicher Leistungsf\u00e4higkeit. Mehr erfahren Professionelle PEMF-Systeme f\u00fcr Mensch und Tier. Bitte w\u00e4hlen Sie den Bereich, der f\u00fcr Sie relevant ist. Vet Magnetfeldger\u00e4te [&hellip;]<\/p>\n","protected":false},"author":1,"featured_media":16726,"parent":0,"menu_order":0,"comment_status":"closed","ping_status":"closed","template":"","meta":{"ocean_post_layout":"full-screen","ocean_both_sidebars_style":"","ocean_both_sidebars_content_width":0,"ocean_both_sidebars_sidebars_width":0,"ocean_sidebar":"","ocean_second_sidebar":"","ocean_disable_margins":"enable","ocean_add_body_class":"","ocean_shortcode_before_top_bar":"","ocean_shortcode_after_top_bar":"","ocean_shortcode_before_header":"","ocean_shortcode_after_header":"","ocean_has_shortcode":"","ocean_shortcode_after_title":"","ocean_shortcode_before_footer_widgets":"","ocean_shortcode_after_footer_widgets":"","ocean_shortcode_before_footer_bottom":"","ocean_shortcode_after_footer_bottom":"","ocean_display_top_bar":"off","ocean_display_header":"off","ocean_header_style":"","ocean_center_header_left_menu":"","ocean_custom_header_template":"","ocean_custom_logo":0,"ocean_custom_retina_logo":0,"ocean_custom_logo_max_width":0,"ocean_custom_logo_tablet_max_width":0,"ocean_custom_logo_mobile_max_width":0,"ocean_custom_logo_max_height":0,"ocean_custom_logo_tablet_max_height":0,"ocean_custom_logo_mobile_max_height":0,"ocean_header_custom_menu":"","ocean_menu_typo_font_family":"","ocean_menu_typo_font_subset":"","ocean_menu_typo_font_size":0,"ocean_menu_typo_font_size_tablet":0,"ocean_menu_typo_font_size_mobile":0,"ocean_menu_typo_font_size_unit":"px","ocean_menu_typo_font_weight":"","ocean_menu_typo_font_weight_tablet":"","ocean_menu_typo_font_weight_mobile":"","ocean_menu_typo_transform":"","ocean_menu_typo_transform_tablet":"","ocean_menu_typo_transform_mobile":"","ocean_menu_typo_line_height":0,"ocean_menu_typo_line_height_tablet":0,"ocean_menu_typo_line_height_mobile":0,"ocean_menu_typo_line_height_unit":"","ocean_menu_typo_spacing":0,"ocean_menu_typo_spacing_tablet":0,"ocean_menu_typo_spacing_mobile":0,"ocean_menu_typo_spacing_unit":"","ocean_menu_link_color":"","ocean_menu_link_color_hover":"","ocean_menu_link_color_active":"","ocean_menu_link_background":"","ocean_menu_link_hover_background":"","ocean_menu_link_active_background":"","ocean_menu_social_links_bg":"","ocean_menu_social_hover_links_bg":"","ocean_menu_social_links_color":"","ocean_menu_social_hover_links_color":"","ocean_disable_title":"on","ocean_disable_heading":"default","ocean_post_title":"","ocean_post_subheading":"","ocean_post_title_style":"","ocean_post_title_background_color":"","ocean_post_title_background":0,"ocean_post_title_bg_image_position":"","ocean_post_title_bg_image_attachment":"","ocean_post_title_bg_image_repeat":"","ocean_post_title_bg_image_size":"","ocean_post_title_height":0,"ocean_post_title_bg_overlay":0.5,"ocean_post_title_bg_overlay_color":"","ocean_disable_breadcrumbs":"default","ocean_breadcrumbs_color":"","ocean_breadcrumbs_separator_color":"","ocean_breadcrumbs_links_color":"","ocean_breadcrumbs_links_hover_color":"","ocean_display_footer_widgets":"off","ocean_display_footer_bottom":"off","ocean_custom_footer_template":"","footnotes":""},"class_list":["post-11397","page","type-page","status-publish","has-post-thumbnail","hentry","entry","has-media"],"yoast_head":"<!-- This site is optimized with the Yoast SEO plugin v24.2 - https:\/\/yoast.com\/wordpress\/plugins\/seo\/ -->\n<title>Zellkraft \u2013 Magnetfeldsysteme f\u00fcr Tiere und Menschen<\/title>\n<meta name=\"description\" content=\"Zellkraft bietet hochwertige Magnetfeldsysteme f\u00fcr Tiere und Menschen \u2013 entwickelt f\u00fcr Regeneration, Aktivierung und professionelle Anwendungen.\" \/>\n<meta name=\"robots\" content=\"index, follow, max-snippet:-1, max-image-preview:large, max-video-preview:-1\" \/>\n<link rel=\"canonical\" href=\"https:\/\/zellkraft.net\/\" \/>\n<meta property=\"og:locale\" content=\"de_DE\" \/>\n<meta property=\"og:type\" content=\"article\" \/>\n<meta property=\"og:title\" content=\"Zellkraft \u2013 Magnetfeldsysteme f\u00fcr Tiere und Menschen\" \/>\n<meta property=\"og:description\" content=\"Zellkraft bietet hochwertige Magnetfeldsysteme f\u00fcr Tiere und Menschen \u2013 entwickelt f\u00fcr Regeneration, Aktivierung und professionelle Anwendungen.\" \/>\n<meta property=\"og:url\" content=\"https:\/\/zellkraft.net\/\" \/>\n<meta property=\"og:site_name\" content=\"Zellkraft\" \/>\n<meta property=\"article:modified_time\" content=\"2026-02-03T15:44:37+00:00\" \/>\n<meta property=\"og:image\" content=\"https:\/\/zellkraft.net\/zk-content\/uploads\/2026\/02\/Group-7834073.png\" \/>\n\t<meta property=\"og:image:width\" content=\"2800\" \/>\n\t<meta property=\"og:image:height\" content=\"2800\" \/>\n\t<meta property=\"og:image:type\" content=\"image\/png\" \/>\n<meta name=\"twitter:card\" content=\"summary_large_image\" \/>\n<meta name=\"twitter:label1\" content=\"Gesch\u00e4tzte Lesezeit\" \/>\n\t<meta name=\"twitter:data1\" content=\"2 Minuten\" \/>\n<script type=\"application\/ld+json\" class=\"yoast-schema-graph\">{\"@context\":\"https:\/\/schema.org\",\"@graph\":[{\"@type\":\"WebPage\",\"@id\":\"https:\/\/zellkraft.net\/\",\"url\":\"https:\/\/zellkraft.net\/\",\"name\":\"Zellkraft \u2013 Magnetfeldsysteme f\u00fcr Tiere und Menschen\",\"isPartOf\":{\"@id\":\"https:\/\/zellkraft.net\/#website\"},\"primaryImageOfPage\":{\"@id\":\"https:\/\/zellkraft.net\/#primaryimage\"},\"image\":{\"@id\":\"https:\/\/zellkraft.net\/#primaryimage\"},\"thumbnailUrl\":\"https:\/\/zellkraft.net\/zk-content\/uploads\/2026\/02\/Group-7834073.png\",\"datePublished\":\"2025-04-16T10:55:23+00:00\",\"dateModified\":\"2026-02-03T15:44:37+00:00\",\"description\":\"Zellkraft bietet hochwertige Magnetfeldsysteme f\u00fcr Tiere und Menschen \u2013 entwickelt f\u00fcr Regeneration, Aktivierung und professionelle Anwendungen.\",\"breadcrumb\":{\"@id\":\"https:\/\/zellkraft.net\/#breadcrumb\"},\"inLanguage\":\"de\",\"potentialAction\":[{\"@type\":\"ReadAction\",\"target\":[\"https:\/\/zellkraft.net\/\"]}]},{\"@type\":\"ImageObject\",\"inLanguage\":\"de\",\"@id\":\"https:\/\/zellkraft.net\/#primaryimage\",\"url\":\"https:\/\/zellkraft.net\/zk-content\/uploads\/2026\/02\/Group-7834073.png\",\"contentUrl\":\"https:\/\/zellkraft.net\/zk-content\/uploads\/2026\/02\/Group-7834073.png\",\"width\":2800,\"height\":2800},{\"@type\":\"BreadcrumbList\",\"@id\":\"https:\/\/zellkraft.net\/#breadcrumb\",\"itemListElement\":[{\"@type\":\"ListItem\",\"position\":1,\"name\":\"Startseite\",\"item\":\"https:\/\/zellkraft.net\/\"},{\"@type\":\"ListItem\",\"position\":2,\"name\":\"Auswahl\"}]},{\"@type\":\"WebSite\",\"@id\":\"https:\/\/zellkraft.net\/#website\",\"url\":\"https:\/\/zellkraft.net\/\",\"name\":\"Zellkraft\",\"description\":\"|\u00a0Gesundheit f\u00fcr Pferde, die jeder leisten kann\",\"potentialAction\":[{\"@type\":\"SearchAction\",\"target\":{\"@type\":\"EntryPoint\",\"urlTemplate\":\"https:\/\/zellkraft.net\/?s={search_term_string}\"},\"query-input\":{\"@type\":\"PropertyValueSpecification\",\"valueRequired\":true,\"valueName\":\"search_term_string\"}}],\"inLanguage\":\"de\"}]}<\/script>\n<!-- \/ Yoast SEO plugin. -->","yoast_head_json":{"title":"Zellkraft \u2013 Magnetfeldsysteme f\u00fcr Tiere und Menschen","description":"Zellkraft bietet hochwertige Magnetfeldsysteme f\u00fcr Tiere und Menschen \u2013 entwickelt f\u00fcr Regeneration, Aktivierung und professionelle Anwendungen.","robots":{"index":"index","follow":"follow","max-snippet":"max-snippet:-1","max-image-preview":"max-image-preview:large","max-video-preview":"max-video-preview:-1"},"canonical":"https:\/\/zellkraft.net\/","og_locale":"de_DE","og_type":"article","og_title":"Zellkraft \u2013 Magnetfeldsysteme f\u00fcr Tiere und Menschen","og_description":"Zellkraft bietet hochwertige Magnetfeldsysteme f\u00fcr Tiere und Menschen \u2013 entwickelt f\u00fcr Regeneration, Aktivierung und professionelle Anwendungen.","og_url":"https:\/\/zellkraft.net\/","og_site_name":"Zellkraft","article_modified_time":"2026-02-03T15:44:37+00:00","og_image":[{"width":2800,"height":2800,"url":"https:\/\/zellkraft.net\/zk-content\/uploads\/2026\/02\/Group-7834073.png","type":"image\/png"}],"twitter_card":"summary_large_image","twitter_misc":{"Gesch\u00e4tzte Lesezeit":"2 Minuten"},"schema":{"@context":"https:\/\/schema.org","@graph":[{"@type":"WebPage","@id":"https:\/\/zellkraft.net\/","url":"https:\/\/zellkraft.net\/","name":"Zellkraft \u2013 Magnetfeldsysteme f\u00fcr Tiere und Menschen","isPartOf":{"@id":"https:\/\/zellkraft.net\/#website"},"primaryImageOfPage":{"@id":"https:\/\/zellkraft.net\/#primaryimage"},"image":{"@id":"https:\/\/zellkraft.net\/#primaryimage"},"thumbnailUrl":"https:\/\/zellkraft.net\/zk-content\/uploads\/2026\/02\/Group-7834073.png","datePublished":"2025-04-16T10:55:23+00:00","dateModified":"2026-02-03T15:44:37+00:00","description":"Zellkraft bietet hochwertige Magnetfeldsysteme f\u00fcr Tiere und Menschen \u2013 entwickelt f\u00fcr Regeneration, Aktivierung und professionelle Anwendungen.","breadcrumb":{"@id":"https:\/\/zellkraft.net\/#breadcrumb"},"inLanguage":"de","potentialAction":[{"@type":"ReadAction","target":["https:\/\/zellkraft.net\/"]}]},{"@type":"ImageObject","inLanguage":"de","@id":"https:\/\/zellkraft.net\/#primaryimage","url":"https:\/\/zellkraft.net\/zk-content\/uploads\/2026\/02\/Group-7834073.png","contentUrl":"https:\/\/zellkraft.net\/zk-content\/uploads\/2026\/02\/Group-7834073.png","width":2800,"height":2800},{"@type":"BreadcrumbList","@id":"https:\/\/zellkraft.net\/#breadcrumb","itemListElement":[{"@type":"ListItem","position":1,"name":"Startseite","item":"https:\/\/zellkraft.net\/"},{"@type":"ListItem","position":2,"name":"Auswahl"}]},{"@type":"WebSite","@id":"https:\/\/zellkraft.net\/#website","url":"https:\/\/zellkraft.net\/","name":"Zellkraft","description":"|\u00a0Gesundheit f\u00fcr Pferde, die jeder leisten kann","potentialAction":[{"@type":"SearchAction","target":{"@type":"EntryPoint","urlTemplate":"https:\/\/zellkraft.net\/?s={search_term_string}"},"query-input":{"@type":"PropertyValueSpecification","valueRequired":true,"valueName":"search_term_string"}}],"inLanguage":"de"}]}},"_links":{"self":[{"href":"https:\/\/zellkraft.net\/index.php\/wp-json\/wp\/v2\/pages\/11397","targetHints":{"allow":["GET"]}}],"collection":[{"href":"https:\/\/zellkraft.net\/index.php\/wp-json\/wp\/v2\/pages"}],"about":[{"href":"https:\/\/zellkraft.net\/index.php\/wp-json\/wp\/v2\/types\/page"}],"author":[{"embeddable":true,"href":"https:\/\/zellkraft.net\/index.php\/wp-json\/wp\/v2\/users\/1"}],"replies":[{"embeddable":true,"href":"https:\/\/zellkraft.net\/index.php\/wp-json\/wp\/v2\/comments?post=11397"}],"version-history":[{"count":445,"href":"https:\/\/zellkraft.net\/index.php\/wp-json\/wp\/v2\/pages\/11397\/revisions"}],"predecessor-version":[{"id":16482,"href":"https:\/\/zellkraft.net\/index.php\/wp-json\/wp\/v2\/pages\/11397\/revisions\/16482"}],"wp:featuredmedia":[{"embeddable":true,"href":"https:\/\/zellkraft.net\/index.php\/wp-json\/wp\/v2\/media\/16726"}],"wp:attachment":[{"href":"https:\/\/zellkraft.net\/index.php\/wp-json\/wp\/v2\/media?parent=11397"}],"curies":[{"name":"wp","href":"https:\/\/api.w.org\/{rel}","templated":true}]}}